 s = -s + 778. What is the units digit of m?
5
What is the units digit of 49 + -9 + 13257 + (-6 - 0)/(-2)?
0
Let g = -278 + 846. Suppose 1102 - 1084 = -9*l. What is the hundreds digit of 3/(l/g*-4)?
2
Suppose 2*b - 71 = -5*u, 84*b - 86*b - 2*u = -80. Let w(v) = v**3 - 3*v**2 + 7*v + 7. Let n be w(6). Let k = b + n. What is the tens digit of k?
0
Let x be (-39)/(-6) - (-3)/(-2). Let r = x - 19. Let p = r + 28. What is the units digit of p?
4
Let k(o) = -7996*o - 288. What is the hundreds digit of k(-10)?
6
Let y = 5818 - -383. What is the hundreds digit of y?
2
Suppose 2*h - 2*a - 3092 = 3808, -5*h + 2*a + 17244 = 0. What is the units digit of h?
8
Suppose 0 = 4*u + 27 - 47. Let n be (5/(-3) + 2)/(u/120). Suppose n*y - 816 = 2*y. What is the hundreds digit of y?
1
Suppose -t - 3 + 15 = 2*p, 3*p - t = 8. Let a(d) = 52 - 21 - 22 + p*d. What is the tens digit of a(7)?
3
Let o = -257 + 230. Let t = 8 - 10. What is the units digit of (t - 7)*18/o?
6
What is the tens digit of 1*1/(-2) + (-1164471)/(-462)?
2
Let a be 631/(-4 + (-4 - -7)). Let v = 886 + a. What is the tens digit of v?
5
Suppose 3*q - 17502 = 12*b - 9*b, 2*q - 11644 = -4*b. What is the units digit of q?
0
Suppose -8 = -3*s - 0*w + 4*w, -3*w = 3*s + 6. What is the hundreds digit of (4 - 2)*181 - (-1 - s)?
3
Suppose -62*w + 8*w + 319518 = 0. What is the tens digit of w?
1
Let b = -226 + 231. What is the tens digit of 10/b + 68 + 1?
7
Let x(u) = u**3 - 7*u**2 + 47*u + 50. What is the units digit of x(15)?
5
Suppose -2*g = 8, -27*v = -24*v + 5*g + 5. Suppose -v*l + 13*l = 6208. What is the hundreds digit of l?
7
What is the hundreds digit of (1 - (-287220)/(-28))*(-19)/((-380)/(-70))?
8
Suppose -2*w + 2*u + 16 = 0, 18 = -2*w - 5*u + 6. Suppose w*r - 609 = 1311. What is the hundreds digit of r?
4
Suppose 14*p = 7*p - 623. Let a = p - -529. Suppose 220 = 10*y - a. What is the units digit of y?
6
Suppose 540 = 15*a + 3*a. Let j = 1243 + a. What is the units digit of j?
3
Let m(w) = 135*w**2 + 156*w**2 + 3*w**2 - 3 - 94*w**2 - 2*w. What is the hundreds digit of m(2)?
7
Let i(m) = 257*m - 377. What is the units digit of i(11)?
0
Let v(k) be the third derivative of 5*k**4/8 - 5*k**3 + 9*k**2 + 3. What is the hundreds digit of v(20)?
2
Let u = 2237 + 173. Suppose -52*p = -47*p - u. What is the tens digit of p?
8
Let m = 0 - -16. Let o be 7*(-5)/(-7)*m/40. Suppose -5*r - 2*a + 698 = 0, 7*r + a = o*r + 694. What is the hundreds digit of r?
1
Let t(p) = -2*p**3 - p**2 - 2*p - 4. Let h(v) = -v**3 + 6*v**2 + 7*v - 2. Let r be h(7). Let b be t(r). Let i = 18 + b. What is the tens digit of i?
3
Let p = -21 - -17. Let z be 8/2 - (p + 12/6). What is the units digit of (4/z)/(12/2394)?
3
Let c = -10764 + 19241. What is the units digit of c?
7
Let x = 127 - 134. Let r(z) be the first derivative of z**2/2 + 17*z + 2. What is the units digit of r(x)?
0
Let k = -328 + 330. Suppose 0 = 4*n + k*j - 2428 - 2112, -3*n + 5*j = -3405. What is the units digit of n?
5
Let y = -63 - -56. Let j be (2 + -1)/(y - -8). Let l(m) = 75*m + 2. What is the units digit of l(j)?
7
Let b(n) = 98*n**2 - 112*n + 37. What is the units digit of b(9)?
7
Suppose -3*v - v = -5*m - 32, -3*v = -m - 13. Let i be (v - (7 - 3)) + 124. Suppose 57 = 3*w - i. What is the units digit of w?
0
Let x(v) = v**3 - 10*v**2 + 11*v + 16. Let w be x(9). Suppose -15 - w = -i. Let t = i + 70. What is the tens digit of t?
1
Suppose 0 = -3*a + a - 3*l + 278, -5*a = -5*l - 645. Suppose 154 = -176*r + 178*r. Suppose 210 = 2*p - h, -h = 2*p - r - a. What is the hundreds digit of p?
1
Suppose 0 = 5*c + 142*k - 139*k - 58989, 5*k + 35407 = 3*c. What is the thousands digit of c?
1
Let t(k) = 644*k**2 - 95*k + 441. What is the thousands digit of t(5)?
6
Let l(z) = z**2 + 10*z + 16. Let c = -32 - -23. Let i be l(c). What is the hundreds digit of (i/(-21))/(2/(-690))?
1
Suppose -5*o + 3*g + 1801 = 0, -4*g = o - 0*g - 374. Let a = -319 + o. What is the tens digit of a?
4
Let l be ((-1336)/32)/((-1)/4). Suppose 0 = 4*c + 57 + l. Let i = 39 - c. What is the tens digit of i?
9
Let b(d) = 318*d - 1287. What is the thousands digit of b(18)?
4
Let m = 103 + 599. Suppose -14*i + m = -2868. What is the units digit of i?
5
Let m(o) = -60*o + 3182. What is the units digit of m(-89)?
2
Suppose 0 = -4*p - t + 413, -p = -3*p + 2*t + 194. Suppose -3*a + 4*k = p, 0*a - a + 3*k - 39 = 0. What is the tens digit of a*(3 + -4) - -1?
3
Let w(x) be the second derivative of 5*x**3/2 - 135*x**2/2 - 2*x + 66. What is the hundreds digit of w(22)?
1
Let l = 4471 + -416. What is the units digit of l?
5
Let q(r) be the third derivative of -r**6/120 - 3*r**5/20 + r**4/2 + 5*r**3 - 29*r**2. Let v be q(-10). What is the tens digit of (1 - 42)/(-11 + v)*3?
2
Suppose -45*w - 1330 = -52*w. Let m be (w/(-15))/(2/(-48)). Let t = m + -113. What is the units digit of t?
1
Suppose 6*l + 9 = -57. Let u(r) = r**3 + 11*r**2 + 4. What is the units digit of u(l)?
4
Suppose 29*m - 17*m + 875336 = 70*m. What is the tens digit of m?
9
Suppose -5*p - 1562 = -137. Let o = -198 - p. Suppose 3*z = 2*g + 87, 4*g + 0*g - o = -3*z. What is the tens digit of z?
2
Suppose 0 = 3*x + s - 210 + 1270, 4*x = 5*s - 1445. Let c = x + 1190. What is the tens digit of c?
3
Suppose -511838 = -56*c + 84226. What is the units digit of c?
4
Suppose 0 = i - 23 - 37 + 13. Let w be 23*3 - (0 + -1). Let r = i + w. What is the units digit of r?
7
Let d be 35/21*(-62 + 2). Let o be (111/(-15) + 3)/(2/d). Suppose 3*q = 421 - o. What is the units digit of q?
7
Let p(i) = -2*i**3 + 47*i**2 + 84*i - 31. What is the tens digit of p(25)?
9
Suppose 1925*d + 2068975 = 1950*d. What is the units digit of d?
9
Let x be 6/(126/7)*(-3 - 0). What is the hundreds digit of -5 - x - (-315)/(-2)*-4?
6
Let z be (-546)/(-104)*((-840)/(-9))/2. Suppose y = -3*y + 3*d + 393, 5*y + 2*d - 474 = 0. Let a = z - y. What is the units digit of a?
9
Let x be (1*3)/(2/(-202)). Suppose 5376 - 22318 = 86*q. Let g = q - x. What is the tens digit of g?
0
Let d = 98 + -60. Suppose d*n = 33*n + 1205. What is the units digit of n?
1
Let o(n) be the second derivative of 209*n**3/6 + 32*n**2 + 73*n. What is the thousands digit of o(8)?
1
Let z(h) = h - 5. Let d be (-16 - -15)*(-4 - 1). Let p be z(d). Suppose -2*q = 2*l - 42, p = -0*q + 2*q - 5*l - 35. What is the units digit of q?
0
Let u(v) = 876*v + 9. Let t be u(9). Suppose 5*l - 4*o = -7*o + t, 4*o = -16. What is the units digit of l?
1
Let b be (-1)/(-5) + 28/10. Suppose 7*m - 129 = 102. Suppose 0 = -b*a - 4*s + 28, -s + 13 = 4*a - m. What is the units digit of a?
2
Let u be (-6 + 4)/(10/2875). Let j = -146 - u. What is the hundreds digit of j?
4
Let c = 403 - 369. Suppose -c*y = -678 - 70. What is the units digit of y?
2
Suppose 94 = 25*a - 31. Suppose -187 = i - a*u - 622, 5*u - 2325 = -5*i. What is the tens digit of i?
6
Let c = -18969 - -25893. What is the hundreds digit of c?
9
Let p(h) = 2*h - 21. Let j(c) = -2*c + 20. Let f(w) = 6*j(w) + 5*p(w). Suppose -21*q - 4*y - 18 = -19*q, -4*q - y = 29. What is the tens digit of f(q)?
2
Let x = -598 - -6308. What is the tens digit of x?
1
Let c(u) = -4*u - 36. Suppose -2*d = -z + 1, z = -0*d + d - 2. Let o be 4/(-8)*((-4 - d) + 25). What is the tens digit of c(o)?
1
Suppose -3*p = -2*r + 7*r - 2358, 1572 = 2*p - 2*r. Let q = p - 435. What is the hundreds digit of q?
3
Let d = -37 - -44. Let n(j) = 42*j - 73. What is the hundreds digit of n(d)?
2
Let b = -129 + 145. Let x(s) = -s**2 + 27*s - 39. What is the tens digit of x(b)?
3
Let x = 314 - 269. What is the units digit of (x/18 + -1)/(2/332)?
9
Let m(c) = -5*c - 31. Let l be m(-11). Let h be ((-7)/2 + -1)*32/l. What is the tens digit of h/((-30)/475) - 2?
9
What is the units digit of 5 + 70/7 + 550?
5
Let m = 116363 + -57538. What is the tens digit of m?
2
Suppose -4*n + 154112 = 31*p - 35*p, -2*n + 77024 = 2*p. What is the hundreds digit of n?
5
Let w(l) = 2*l**2 - 45*l - 27. Let v be w(23). What is the tens digit of 24/14*(464 - 6 - v)?
9
Suppose 2*l - 6*l = -224. Let s = l + -95. Let v = s + 64. What is the tens digit of v?
2
Let o(y) = -777*y**2 + y - 2. Let s be o(1). Let g = s + 1219. What is the units digit of g?
1
Let a be -3 + 5 + -2 - -840. Suppose 2*t = -5*k + 7*t + a, -4*k = 5*t - 690. What is the hundreds digit of